 and 14.
2
Let u = -1 - 18. Let n = u + 35. What is the greatest common divisor of n and 24?
8
Suppose -c - 3*c - 4 = 0, -81 = 5*b - 4*c. Let w = b - -14. Let f(m) = -m**3 - 2*m**2 + 2*m. Let l be f(w). What is the greatest common divisor of 27 and l?
3
Let k = -218 + 294. Calculate the greatest common divisor of k and 228.
76
Let y(u) = 3*u**2 + 39*u + 63. Let t be y(-12). Calculate the greatest common factor of t and 621.
27
Let s = 39 - 28. What is the greatest common divisor of 121 and s?
11
Let n be 14/(-5)*(-10 + 5). Let t be 1/(-2) + 2/4. Suppose t = 5*w + 5*u - 35, u + 3*u = 0. What is the highest common factor of w and n?
7
Let c(q) = -q**3 - 2*q**2 + 10*q + 11. Let u be c(-4). Calculate the highest common factor of 48 and u.
3
Suppose 2 - 7 = 5*y. Let t be 96*(y + (-20)/(-15)). Calculate the highest common factor of t and 160.
32
Let o(u) = u**3 + 7*u**2 + 7*u + 9. Let s be o(-6). Suppose -5*w - 220 = 3*v - 669, -s*w - 3*v = -273. Calculate the highest common factor of 8 and w.
8
Let m(q) = q**3 + 3*q**2 - 3*q**2 - 9 - 3*q**2 - 15*q - 9*q. Let p be m(8). What is the greatest common factor of 17 and p?
17
Suppose 37*o - 42*o + 15 = 0. Let w be -5 - (-1 + o + -13). What is the greatest common divisor of w and 42?
6
Let z be -1*(2 - 0)*-5. Let a be (-97383)/(-572) - (-2 + 14/8)/(-1). Calculate the greatest common factor of a and z.
10
Let h(k) = k**2 + 2*k - 4. Let n be h(2). Suppose 0*r - 64 = -2*r. What is the highest common factor of r and n?
4
Suppose 120 = -85*z + 88*z. Calculate the highest common divisor of z and 90.
10
Let s be 0 + -1 + 7/((-21)/(-3)). Suppose 10*i - 8*i - 78 = s. Calculate the highest common factor of 39 and i.
39
Suppose 2*r - 2*m = -0*r + 50, 160 = 5*r + 2*m. Let v be 3/2*(-50)/(-5). Calculate the greatest common factor of v and r.
15
Let f = -555 - -560. Let n(u) = -8*u + 7. Let h be n(-6). Calculate the greatest common factor of f and h.
5
Suppose 0 = -4*d + m + 225, -m = -d + 4*m + 80. Suppose 7*r - 57 = d. Let o(w) = 2*w - 6. Let z be o(4). Calculate the greatest common factor of z and r.
2
Suppose 0 = 23*i - 32*i + 198. Let p(q) = -q**3 - q + 110. Let b be p(0). Calculate the greatest common divisor of b and i.
22
Let t(r) = 3*r**3 - 4*r - 1. Let c be t(2). What is the greatest common divisor of 25 and c?
5
Let d(b) = -b**2 + 38*b - 112. Let q be d(32). Calculate the greatest common divisor of 16 and q.
16
Suppose -4*o + 15*o - 484 = 0. What is the highest common factor of 44 and o?
44
Suppose -2*q + 5 = -15. Let p = -70 + 120. Calculate the highest common divisor of p and q.
10
Let t = -301 - -329. What is the greatest common factor of 98 and t?
14
Let b(i) = i**3 - 7*i**2 + 9*i + 12. Let q be b(5). Let u(z) = 2*z**2 - 2*z - 9. Let t be u(q). Calculate the highest common factor of t and 15.
15
Suppose -11*c + 1111 = -1804. Calculate the highest common factor of 159 and c.
53
Let g = -24 + 30. Suppose 18 = g*n - 0*n. Suppose s + 9 = 3*a, 2*s + n*a = 5*s - 3. Calculate the greatest common divisor of s and 24.
6
Let l = -7 + 27. Calculate the greatest common factor of 128 and l.
4
Let b = 39 + -31. Suppose 9*v = 5*v + b. Calculate the highest common divisor of v and 6.
2
Suppose -4*z + 4 = -2*z. Suppose 0 = -5*i + 4*j + 22 - z, 5*i + 15 = -3*j. Suppose 2 = 2*o - i. What is the highest common divisor of o and 8?
1
Let w(c) = 45*c + 12. Let p be w(16). Calculate the greatest common divisor of 12 and p.
12
Let n be (-2)/(-11) - (-482212)/638. Calculate the highest common divisor of 84 and n.
84
Suppose 3*k - 45 = -7*y + 4*y, -3 = y - 5*k. Let t(s) = 9 - 2*s - 2 + s. Let u be t(-11). Calculate the greatest common factor of u and y.
6
Let v = -576 + 583. Suppose 4*m - 4*c = 232, -4*m + 112 = c - 110. What is the highest common divisor of m and v?
7
Suppose -2*f + 1 = 2*f + p, -f + 4*p = -13. Let t be (-1)/2*(-7 - f). Suppose -t*x = -16 - 4. What is the highest common factor of x and 5?
5
Let v be (-36)/(-90)*(-70)/(-4). Suppose 9 = -v*j + 23. Calculate the highest common factor of 22 and j.
2
Suppose 19*f - 25*f + 1350 = 0. What is the highest common factor of f and 72?
9
Let a(k) = -k**2 - 14 + 4*k + 20 + 8*k. Let c be a(9). Calculate the greatest common factor of 11 and c.
11
Let w be (-7)/(84/(-208))*6. What is the highest common divisor of w and 65?
13
Suppose 0*u - 18 = -n - 4*u, 0 = 4*n + 5*u - 17. Let t be 1*(n - -4 - 2). Let q be (-20)/(-1) + (t - 0). Calculate the highest common factor of q and 50.
10
Let q(f) = -8*f**3 + f**2 + 11*f - 1. Let p be q(-2). Calculate the highest common factor of 300 and p.
15
Let r be 6/8 + (-50)/(-8). Let y = 1 - r. Let p(d) = -d**3 - 3*d**2 - 2*d + 5. Let g be p(y). Calculate the highest common divisor of g and 25.
25
Suppose 480 = 4*x + 2*a, -4*x - 2*a = x - 600. Let w = -5 + 7. Suppose -2*c = w*c - 48. What is the greatest common divisor of x and c?
12
Let z(n) = 9*n. Let g be z(2). Let m be ((-6)/4)/1 - 39/6. Let l be ((-84)/m)/(-7)*-6. What is the highest common divisor of l and g?
9
Suppose 0*c - 34 = -n - 4*c, 0 = -3*c - 9. Let v = 21 + -16. Suppose 3*j - v*l - n = 0, 2*l + 12 - 2 = 0. What is the highest common factor of 7 and j?
7
Suppose -m - 180 = -5*m. Let p = -6 + m. Let c be p/5 - (-2)/10. What is the greatest common factor of 4 and c?
4
Let w be ((-70)/6)/(1/(-9)). Suppose 0 = 2*j - 2*f, 4*j + 0*j = 5*f. Let g(n) = -5*n + 70. Let p be g(j). What is the greatest common factor of p and w?
35
Let g be (6 + -6 + 4)*44. Calculate the highest common divisor of 48 and g.
16
Let o = -82 - -96. Suppose -o*r + 720 = -4*r. What is the highest common factor of 8 and r?
8
Let i = -620 - -644. Calculate the highest common factor of 174 and i.
6
Let a = -241 - -343. Let p be (-16)/40 - a/(-5). What is the highest common factor of 50 and p?
10
Suppose -5*b - 4*a - 56 = 806, 3*b - 2*a + 504 = 0. Let c be (-5 - 29/(-5))*b/(-4). Calculate the greatest common factor of c and 51.
17
Suppose 0 = -4*k - 17 + 49. Let c = 19 - k. Suppose 5*a - 55 = -f, -215 = -3*f + 5*a - 50. What is the highest common factor of f and c?
11
Suppose 3*x + 4*v = 220, -9*x + 14*x - 348 = -2*v. What is the greatest common factor of x and 289?
17
Let a be -14 - -13 - (-3 + -4). Calculate the greatest common factor of a and 3.
3
Let y(n) = -n**2 + 16*n + 6. Let u be y(10). Calculate the highest common factor of u and 99.
33
Let a = 286 - 265. What is the greatest common factor of 2688 and a?
21
Suppose 5*t - 4*i = -2*i + 1232, 0 = 2*t + 2*i - 504. Suppose 3*o - m - 93 = 0, -m = o - 0*m - 31. Calculate the highest common factor of o and t.
31
Let s(l) = 44*l**2 + 29*l + 49. Let y be s(-4). What is the greatest common divisor of y and 13?
13
Let n(i) = i**2 + 5*i + 3. Let v be n(9). Let f = v + -67. What is the highest common factor of f and 31?
31
Let j(v) = -v**2 - 6*v + 5. Let l be j(-6). Suppose 12 - 42 = -l*m. What is the greatest common factor of m and 66?
6
Let v(q) = -30*q - 66. Suppose -2*a + 3 = 5*u + 42, -5*a - u = 40. Let l be v(a). What is the greatest common divisor of l and 16?
16
Let s be 20/2 + 1 + 4 + 0. Calculate the greatest common divisor of 1215 and s.
15
Let m be 1 + -1 - (-2 - (-7 - -6)). What is the greatest common divisor of m and 2?
1
Let c = -763 + 916. Calculate the greatest common factor of c and 204.
51
Suppose -226*t + 232*t = 1584. What is the greatest common divisor of t and 72?
24
Let o(d) = -29*d - 45. Let p(i) = -7*i - 11. Let j(w) = -6*o(w) + 26*p(w). Let x be j(-7). What is the highest common factor of x and 16?
8
Let w = -9 - -15. Suppose 0 = t + 2*t + 3*v + w, -5*t + 35 = -4*v. Suppose -7 = -7*o - 0*o. What is the highest common factor of t and o?
1
Suppose -219 = 3*t - 597. Let y be (-1)/3 + (-140)/(-15) + 9. What is the greatest common factor of y and t?
18
Let l be (12/(-5))/(2/(-10)). Suppose -24*y = -136 - 8. Let c be 104 + 6/9*y. Calculate the highest common factor of c and l.
12
Suppose 0 = -18*i + 28*i - 280. Let l = -82 - -138. Calculate the highest common divisor of l and i.
28
Suppose -6 = 2*r - 50. Let w be 290/r - (-16)/(-88). What is the greatest common factor of w and 91?
13
Let l(k) = k**2 - 5*k - 19. Let d be l(8). Let q = d - -7. Calculate the greatest common divisor of q and 36.
12
Let o be ((-72)/(-15) + -4)/(18/315). Calculate the highest 